e
Is 36 a factor of 733926?
False
Is 112 a factor of 18928?
True
Is 20 a factor of 1720460?
True
Does 463 divide 558378?
True
Is 55 a factor of 2076195?
True
Is 74474 a multiple of 23?
True
Is 185765 a multiple of 53?
True
Is 8 a factor of 5788901?
False
Is 1626390 a multiple of 17?
True
Is 636426 a multiple of 158?
False
Is 5859137 a multiple of 90?
False
Is 5 a factor of 438398?
False
Does 7 divide 78285?
False
Is 22 a factor of 53666?
False
Does 19 divide 30356?
False
Does 11 divide 407507?
False
Does 18 divide 340842?
False
Does 28 divide 2268282?
False
Is 22317370 a multiple of 132?
False
Is 388824 a multiple of 187?
False
Is 1852607 a multiple of 617?
False
Is 576389 a multiple of 158?
False
Is 102 a factor of 906474?
True
Is 38124 a multiple of 55?
False
Is 17 a factor of 2571182?
True
Is 7 a factor of 10317664?
True
Is 19 a factor of 1054272?
True
Does 122 divide 397964?
True
Is 732 a factor of 4351740?
True
Is 244 a factor of 119536?
False
Does 29 divide 2065728?
True
Does 168 divide 5161968?
True
Is 240 a factor of 53839?
False
Is 1640098 a multiple of 229?
True
Is 19136 a multiple of 46?
True
Is 9 a factor of 48666?
False
Is 46 a factor of 6350668?
True
Is 22 a factor of 266780?
False
Is 23 a factor of 828454?
False
Is 11560 a multiple of 5?
True
Does 30 divide 115463?
False
Is 124218 a multiple of 134?
True
Is 210 a factor of 9069?
False
Is 5 a factor of 100253?
False
Is 36 a factor of 27720?
True
Is 91 a factor of 197925?
True
Is 26 a factor of 4291471?
False
Is 45325 a multiple of 49?
True
Does 529 divide 9506659?
True
Is 30 a factor of 265067?
False
Does 123 divide 389910?
True
Is 523848 a multiple of 3?
True
Does 11 divide 975100?
False
Does 55 divide 89650?
True
Is 225 a factor of 861075?
True
Does 21 divide 3066?
True
Is 239 a factor of 1787720?
True
Is 10 a factor of 242060?
True
Does 7 divide 1072431?
False
Is 23 a factor of 74325?
False
Is 223 a factor of 101491?
False
Does 14 divide 49826?
True
Does 529 divide 7352571?
True
Is 42 a factor of 4914102?
False
Does 20 divide 322815?
False
Does 448 divide 124934?
False
Is 6 a factor of 125370?
True
Does 16 divide 149936?
True
Is 31 a factor of 1531129?
False
Is 7914 a multiple of 1319?
True
Is 210 a factor of 105630?
True
Does 83 divide 699905?
False
Is 15 a factor of 529070?
False
Is 18370 a multiple of 22?
True
Is 396 a factor of 509750?
False
Is 979029 a multiple of 5?
False
Is 677262 a multiple of 6?
True
Is 1777444 a multiple of 862?
True
Is 2796040 a multiple of 130?
True
Is 491256 a multiple of 24?
True
Is 72 a factor of 114840?
True
Does 40 divide 6498480?
True
Is 41 a factor of 12805407?
True
Is 347215 a multiple of 93?
False
Is 1448040 a multiple of 44?
True
Does 358 divide 2506?
True
Is 4 a factor of 1139594?
False
Does 141 divide 379149?
True
Is 1601514 a multiple of 102?
False
Does 44 divide 1154208?
True
Is 1243906 a multiple of 31?
True
Does 176 divide 1545046?
False
Does 10 divide 691382?
False
Does 13 divide 372450?
True
Is 144 a factor of 458915?
False
Is 16782324 a multiple of 26?
True
Is 52 a factor of 212083?
False
Does 16 divide 96864?
True
Is 214659 a multiple of 207?
True
Is 210 a factor of 3215168?
False
Is 12 a factor of 558029?
False
Does 731 divide 1085465?
False
Is 5857469 a multiple of 170?
False
Is 20 a factor of 162580?
True
Is 188 a factor of 61476?
True
Is 505590 a multiple of 5?
True
Is 18919 a multiple of 4?
False
Is 19776092 a multiple of 1538?
False
Does 1691 divide 5539918?
False
Is 917 a factor of 3445934?
False
Does 104 divide 868814?
False
Is 424 a factor of 556427?
False
Does 21 divide 37065?
True
Is 305 a factor of 857660?
True
Is 39 a factor of 8223053?
False
Does 23 divide 14274605?
True
Is 21 a factor of 296400?
False
Is 156 a factor of 4733153?
False
Does 174 divide 481512?
False
Is 619841 even?
False
Does 6 divide 38243?
False
Does 87 divide 497814?
True
Does 200 divide 1225733?
False
Is 14 a factor of 199306?
False
Does 12 divide 2046935?
False
Does 233 divide 1460231?
False
Is 70 a factor of 321090?
True
Does 31 divide 7241592?
False
Does 178 divide 129506?
False
Does 169 divide 59007?
False
Is 7 a factor of 9524284?
True
Is 1331671 even?
False
Is 46 a factor of 2714414?
True
Is 3128244 a multiple of 501?
True
Does 177 divide 83825?
False
Does 509 divide 1853778?
True
Does 21 divide 296457?
True
Is 5 a factor of 1700699?
False
Does 66 divide 1356405?
False
Is 7 a factor of 740269?
False
Is 33258 a multiple of 69?
True
Is 452 a factor of 2049368?
True
Is 91 a factor of 192556?
True
Is 125 a factor of 2301375?
True
Does 61 divide 428005?
False
Is 312 a factor of 12484146?
False
Does 21 divide 321027?
True
Is 19 a factor of 124127?
True
Is 709364 a multiple of 42?
False
Is 15592 a multiple of 222?
False
Does 36 divide 1769641?
False
Is 40509 a multiple of 63?
True
Does 6 divide 570784?
False
Is 3 a factor of 9269?
False
Is 4 a factor of 892?
True
Is 67 a factor of 224115?
True
Is 257 a factor of 111538?
True
Is 502969 a multiple of 67?
True
Is 81377 a multiple of 6?
False
Is 32 a factor of 24768?
True
Is 26 a factor of 7412917?
False
Is 5 a factor of 311850?
True
Is 572 a factor of 8650928?
True
Does 26 divide 470222?
False
Is 11 a factor of 36057?
False
Is 1412372 a multiple of 157?
True
Is 3 a factor of 39033?
True
Is 8 a factor of 59152?
True
Does 161 divide 729641?
False
Is 5 a factor of 1824825?
True
Is 6 a factor of 312862?
False
Is 217654 a multiple of 77?
False
Is 2365308 a multiple of 22?
True
Is 340796 a multiple of 15?
False
Is 7559934 a multiple of 15?
False
Is 243 a factor of 229149?
True
Is 70 a factor of 60690?
True
Is 11 a factor of 2799826?
False
Is 2405856 a multiple of 32?
True
Is 12656292 a multiple of 78?
False
Is 40 a factor of 13577520?
True
Is 34125 a multiple of 5?
True
Does 393 divide 295143?
True
Is 250 a factor of 1264437?
False
Is 54626 a multiple of 3?
False
Is 355 a factor of 168980?
True
Is 9 a factor of 151255?
False
Does 141 divide 2998785?
False
Is 113456 a multiple of 16?
True
Is 244400 a multiple of 188?
True
Is 23 a factor of 58708?
False
Is 89 a factor of 123979?
False
Is 133300 a multiple of 215?
True
Does 39 divide 116408?
False
Is 25132 a multiple of 10?
False
Is 204060 a multiple of 38?
True
Is 11279898 a multiple of 14?
True
Is 170832 a multiple of 16?
True
Is 359310 a multiple of 482?
False
Is 22 a factor of 73216?
True
Does 33 divide 160479?
True
Is 45 a factor of 10005750?
True
Does 13 divide 494?
True
Is 22 a factor of 414303?
False
Is 310 a factor of 6999885?
False
Is 121 a factor of 145327?
False
Is 117282 a multiple of 66?
True
Does 569 divide 3438413?
False
Does 294 divide 270186?
True
Does 78 divide 533910?
True
Is 140 a factor of 153860?
True
Does 24 divide 3189264?
True
Does 32 divide 1253218?
False
Does 28 divide 2277445?
False
Is 17 a factor of 258978?
True
Is 19 a factor of 320120?
False
Is 1167191 a multiple of 77?
False
Does 15 divide 313080?
True
Is 105244 a multiple of 166?
True
Does 5 divide 29971?
False
Does 57 divide 2184867?
True
Is 297500 a multiple of 35?
True
Is 3588616 a multiple of 4?
True
Is 192 a factor of 854105?
False
Is 150 a factor of 65133?
False
Does 41 divide 84950?
False
Is 87 a factor of 879135?
True
Does 108 divide 8728020?
True
Is 492318 a multiple of 162?
True
Is 5 a factor of 6320?
True
Is 40 a factor of 13408480?
True
Does 217 divide 3734353?
True
Is 129976 a multiple of 77?
True
Is 67018 a multiple of 9?
False
Is 630448 a multiple of 7?
True
Does 29 divide 1928007?
True
Is 636286 a multiple of 94?
True
Is 2650505 a multiple of 1011?
False
Does 4 divide 115340?
True
Is 51994 a multiple of 10?
False
Is 253 a factor of 1756004?
False
Is 18 a factor of 393190?
False
Is 21546 a multiple of 57?
True
Is 1796042 a multiple of 403?
False
Does 15 divide 15790935?
True
Is 42 a factor of 1320354?
True
Does 518 divide 7385126?
True
Does 76 divide 623276?
True
Does 175 divide 1320200?
True
Is 40011 a multiple of 9?
False
Is 565 a factor of 18322950?
True
Is 13 a factor of 137423?
True
Does 125 divide 223250?
True
Does 736 divide 418912?
False
Does 66 divide 3021087?
False
Is 1175 a factor of 686200?
True
Is 26816 a multiple of 16?
True
Is 73 a factor of 1618410?
True
Does 34 divide 2763261?
False
Is 49 a factor of 19234558?
True
Is 1302751 a multiple o